base 3
11001021201222
Convert -111001011111001111 (base 2) to base 4.
-321133033
Convert 18a0aa1 (base 13) to base 7.
125501134
What is -1344433323 (base 5) in base 14?
-676cbc
What is 200330310311 (base 4) in base 16?
83cd35
-310201320 (base 5) to base 10
-1256460
8ce9 (base 16) to base 6
435001
Convert 334884b (base 12) to base 11.
5595788
-13ed3 (base 16) to base 4
-103323103
What is -580833 (base 10) in base 4?
-2031303201
18827bc (base 13) to base 12
2833951
-23647 (base 12) to base 10
-47575
What is -7b13a (base 13) in base 14?
-5ba64
What is -867223 (base 12) in base 2?
-1000000111011001111011
What is 6016641 (base 10) in base 11?
343a434
What is 1210212112 (base 3) in base 10?
35627
Convert 3211111 (base 5) to base 9.
81845
What is -244341 (base 6) in base 16?
-54e5
-753680 (base 9) to base 16
-6d97d
What is -110233201 (base 5) in base 6?
-14121421
Convert -b13b08 (base 14) to base 13.
-130b018
81089 (base 11) to base 6
2312512
What is -251235354 (base 6) in base 12?
-1748b5a
What is -9a217 (base 15) in base 3?
-220212221111
2535330 (base 6) to base 8
414106
-1331323021 (base 4) to base 2
-1111101111011001001
-2bacc8 (base 16) to base 14
-547168
-5604165 (base 8) to base 6
-52204221
Convert -70107 (base 10) to base 12.
-346a3
What is -2845f (base 16) in base 12?
-7b567
What is -71652a (base 12) in base 14?
-342558
What is 1352521 (base 6) in base 5?
4431324
15d633 (base 16) to base 8
5353063
3b638d (base 14) to base 3
10212022111101
Convert 22301202012 (base 4) to base 5.
1210334301
Convert -10111110110011011001000 (base 2) to base 6.
-342001304
-5777b (base 12) to base 4
-130202033
-1240521 (base 6) to base 5
-4130320
334301 (base 5) to base 4
2320302
Convert 486774 (base 11) to base 3.
1110010120122
-19a357 (base 13) to base 7
-5350433
-1813cc (base 15) to base 10
-1168617
627ce3 (base 15) to base 16
477906
What is 392065 (base 13) in base 16?
14fcad
Convert 195a90 (base 13) to base 12.
26b03a
What is -221986 (base 10) in base 9?
-367451
223288 (base 9) to base 12
65415
Convert -1344224 (base 6) to base 9.
-125367
-1155540 (base 7) to base 13
-52752
What is 4838 (base 10) in base 13?
2282
-318966 (base 11) to base 2
-1111100011010100011
What is -104010424 (base 5) in base 16?
-6ece8
-80016 (base 9) to base 4
-30310113
100101101101010011110010 (base 2) to base 16
96d4f2
Convert 26c49 (base 14) to base 6.
2015041
What is -45653 (base 13) in base 12?
-6111b
Convert -817a35 (base 12) to base 2.
-111101110011000001001
What is -12010200033 (base 4) in base 16?
-18480f
What is -a50784 (base 12) in base 14?
-4b7020
-21148 (base 13) to base 9
-100614
What is -3243416 (base 7) in base 2?
-1100001000001011011
12101020212 (base 3) to base 12
51342
What is -10110000001001001001111 (base 2) in base 15?
-7902a5
3b4156 (base 15) to base 8
12674046
-4604260 (base 8) to base 14
-246848
-1677869 (base 10) to base 16
-199a2d
79581 (base 13) to base 8
656752
What is 111020222001211 (base 3) in base 7?
113613535
What is -364250 (base 7) in base 4?
-100030130
What is -10421055 (base 7) in base 10?
-895956
Convert 124104214 (base 5) to base 9.
1133856
-2401717 (base 8) to base 15
-ce70a
-23303407 (base 8) to base 7
-61120641
-26c0b2 (base 13) to base 14
-1a6a3b
What is 100110110001000011 (base 2) in base 15?
320ac
-3665 (base 16) to base 10
-13925
Convert 30223333031 (base 4) to base 9.
6228245
Convert -103432022 (base 5) to base 7.
-3562120
Convert 64085 (base 10) to base 14.
194d7
Convert 123748 (base 10) to base 5.
12424443
What is 44397 (base 15) in base 12?
a5581
-1929398 (base 11) to base 4
-30130210133
-126f80 (base 16) to base 5
-302130232
Convert 6342b (base 13) to base 15.
37e15
10100100010010100010100 (base 2) to base 6
311215204
What is 123814 (base 13) in base 14?
b5059
Convert 2250645 (base 9) to base 16.
128768
-2020e (base 16) to base 4
-200020032
What is -21061750 (base 8) in base 7?
-53045061
What is 313211213 (base 4) in base 10?
227687
23044 (base 8) to base 15
2d5e
-50004403 (base 8) to base 2
-101000000000100100000011
What is -1313845 (base 10) in base 14?
-262b41
247733 (base 9) to base 2
100100101000011010
cba5d (base 14) to base 5
111240334
What is -1322442002 (base 5) in base 4?
-30230130020
-39a57 (base 16) to base 7
-2002252
What is -17a669 (base 15) in base 5?
-243231244
What is -102332311 (base 4) in base 9?
-127577
134210302 (base 5) to base 15
dab6c
Convert -12420122401 (base 5) to base 16.
-eaea17
-10153500 (base 6) to base 4
-1020001230
-2203212313 (base 4) to base 14
-13630b
What is 1123c9 (base 14) in base 10?
582493
What is -222aad (base 14) in base 8?
-4331621
What is -17ba28 (base 16) in base 5?
-344224414
What is 654134 (base 7) in base 5?
12124133
Convert 78b77 (base 12) to base 6.
3235431
Convert -5178741 (base 9) to base 7.
-32350525
What is -20041252 (base 8) in base 5?
-2034230440
Convert -211165 (base 7) to base 13.
-13792
Convert 22664 (base 9) to base 13.
6b65
Convert -60841 (base 13) to base 4.
-222023203
Convert 575acd (base 14) to base 5.
1230131033
Convert 38e42a (base 15) to base 9.
5122584
What is 6584187 (base 9) in base 16?
3601ff
What is -c24083 (base 13) in base 6?
-240525005
11001100111011101011 (base 2) to base 7
10064145
-11010010111010010 (base 2) to base 8
-322722
What is -2112234 (base 7) in base 12?
-103903
What is -115836 (base 12) in base 9?
-465236
Convert 228583 (base 9) to base 14.
3819a
34313 (base 12) to base 5
4211232
-7637534 (base 8) to base 13
-56914b
What is -2166036 (base 9) in base 2?
-100011100100110001000
Convert -60b24 (base 16) to base 2.
-1100000101100100100
Convert -211010212211110 (base 3) to base 7.
-202012254
341401 (base 6) to base 3
1110121101
Convert 113330011 (base 6) to base 12.
866907
Convert 4599d5 (base 14) to base 4.
21002213213
What is -c198 (base 15) in base 2?
-1001111110100100
10200103203 (base 4) to base 2
100100000010011100011
What is 12363 (base 14) in base 4?
22320203
Convert -1011011110101 (base 2) to base 11.
-4463
Convert 2012101200211 (base 3) to base 7.
12636304
What is -411041423 (base 5) in base 10?
-1658988
-123040 (base 7) to base 13
-a417
What is 2497a28 (base 11) in base 9?
8128144
Convert -2031111 (base 6) to base 8.
-276263
Convert 254582 (base 9) to base 14.
40334
9585 (base 16) to base 9
57450
Convert 1020002012022 (base 3) to base 8.
2367604
12333044 (base 5) to base 15
25cd4
Convert 20111212022210 (base 3) to base 8.
15150631
What is -1110122211101 (base 3) in base 13?
-21441a
What is 924878 (base 10) in base 12?
387292
-1124156 (base 8) to base 12
-1287a6
11100222221211 (base 3) to base 2
1000110111000010000010
-3441411 (base 6) to base 8
-530757
What is -1403892 (base 12) in base 7?
-45616055
Convert -15fbf7 (base 16) to base 13.
-3b5a28
Convert a5528b (base 13) to base 14.
729469
Convert -156032 (base 14) to base 13.
-201984
Convert 321012223 (base 4) to base 6.
5002511
Convert -14522 (base 15) to base 12.
-31942
What is 104422342 (base 7) in base 2?
11000000100000111000010
-1210111021221 (base 3) to base 15
-13cc1a
Convert -2055865 (base 9) to base 2.
-100001100100100000111
Convert -10174286 (base 9) to base 15.
-669336
3000333422 (base 5) to base 7
100621642
Convert 20202122001 (base 3) to base 4.
200200102
What is -333020 (base 8) in base 16?
-1b610
Convert -98a91 (base 13) to base 16.
-437d1
-119cb5 (base 14) to base 7
-5062215
-206a48a (base 11) to base 5
-1413113420
What is 69442 (base 12) in base 3?
21010212012
What is 5015553 (base 6) in base 9?
388486
-65735 (base 11) to base 4
-113102122
Convert 1110110000111000100 (base 2) to base 5.
110440110
3123002032 (base 4) to base 10
897166
What is 1410122 (base 5) in base 11?
1a6a0
What is -1403203 (base 5) in base 14?
-a597
Convert -5063 (base 16) to base 11.
-14509
-151602453 (base 7) to base 2
-100110100010010010100111
What is 2673c (base 14) in base 16?
17202
-16364055 (base 7) to base 13
-43b3b4
-911a6 (base 13) to base 8
-772737
What is 2827058 (base 11) in base 8?
22450060
1958e5 (base 15) to base 2
100101101001111100010
-124534 (base 7) to base 8
-55323
Convert -4872c5 (base 13) to base 5.
-420321123
1590937 (base 11) to base 4
22111203102
What is 424200 (base 8) in base 7?
1126235
Convert 1111010101011101110 (base 2) to base 10.
502510
What is -a5956 (base 13) in base 